5b
In base 9, what is -5 + 754?
748
In base 6, what is 32 + -314?
-242
In base 8, what is -2 - -5?
3
In base 13, what is -25 + -5?
-2a
In base 10, what is 2 - -35?
37
In base 2, what is -100010 + 11010?
-1000
In base 9, what is -57 + -1?
-58
In base 8, what is -5 + 2264?
2257
In base 6, what is 15140 + -5?
15131
In base 9, what is -7507 - 3?
-7511
In base 10, what is 10 - -18?
28
In base 14, what is 176 - -1?
177
In base 10, what is 76 - 5?
71
In base 9, what is -1 + 0?
-1
In base 3, what is -101 + -10020111?
-10020212
In base 15, what is -2357 + 4?
-2353
In base 6, what is 45551 + -5?
45542
In base 2, what is -1100 - -1101010?
1011110
In base 10, what is 124 + -1?
123
In base 3, what is -1012221 - 11?
-1020002
In base 7, what is 3 + -21153?
-21150
In base 14, what is 1ad - 3?
1aa
In base 8, what is 15 + -12?
3
In base 8, what is -215 - 5?
-222
In base 5, what is -330 + -21?
-401
In base 15, what is 673 + 1?
674
In base 16, what is 479 + 4?
47d
In base 9, what is 370 + -11?
358
In base 11, what is 516 + -3?
513
In base 9, what is 7 - -463?
471
In base 15, what is b70 + 4?
b74
In base 11, what is 105 - 3?
102
In base 4, what is 3211 + -11?
3200
In base 15, what is -2b7 + 1?
-2b6
In base 10, what is 5 + -33?
-28
In base 8, what is 1 + -10?
-7
In base 14, what is -666 - 0?
-666
In base 6, what is -5 + 125?
120
In base 2, what is -101 - -1111101101?
1111101000
In base 8, what is 1 + -4365?
-4364
In base 15, what is 365 + -c?
358
In base 3, what is 10 - -21202020?
21202100
In base 3, what is -12 - 1111022?
-1111111
In base 7, what is -5 - -3264?
3256
In base 11, what is -2 + 36?
34
In base 13, what is -51 + 39?
-15
In base 15, what is -13 - -2?
-11
In base 10, what is -129 + 0?
-129
In base 5, what is 2203 - -10?
2213
In base 14, what is 736 + -2?
734
In base 9, what is -7 + -1?
-8
In base 10, what is -317 - 0?
-317
In base 8, what is -1 - 136?
-137
In base 15, what is -41 - 13?
-54
In base 15, what is -9 - 4?
-d
In base 8, what is -6 - -2246?
2240
In base 13, what is 51 - 5?
49
In base 12, what is 0 - 578?
-578
In base 6, what is -3 - -323?
320
In base 12, what is -5b - 5?
-64
In base 12, what is -4 + -203?
-207
In base 10, what is 7053 + 5?
7058
In base 4, what is 23 + 102100?
102123
In base 11, what is -1 - 156?
-157
In base 2, what is -100110110 + -101?
-100111011
In base 6, what is -14252 + 3?
-14245
In base 7, what is 1155 - 5?
1150
In base 6, what is 34 + 1?
35
In base 6, what is -11124 - 15?
-11143
In base 2, what is 0 + 100010000?
100010000
In base 5, what is 1 - -322?
323
In base 10, what is 83 + -58?
25
In base 8, what is 14 - -24?
40
In base 10, what is -10 - -22?
12
In base 6, what is -13 - -11?
-2
In base 2, what is -10 + 1010001110?
1010001100
In base 6, what is 2 - -1030?
1032
In base 8, what is -4 - -717?
713
In base 4, what is 0 + -12213?
-12213
In base 10, what is 222 + 0?
222
In base 9, what is -3523 - 2?
-3525
In base 12, what is -656b + -4?
-6573
In base 15, what is 52 + 4?
56
In base 4, what is 0 + 122?
122
In base 9, what is 22 + 16?
38
In base 5, what is 3 - 23112?
-23104
In base 16, what is -334 + -4?
-338
In base 7, what is 1356 - -15?
1404
In base 14, what is 0 + 3c?
3c
In base 7, what is 5 + 545?
553
In base 11, what is -4 - 18?
-21
In base 4, what is -1020 + 2223?
1203
In base 15, what is -29 - 2?
-2b
In base 9, what is -187 + -4?
-202
In base 16, what is 5 - -1f?
24
In base 16, what is -2c1 - -1?
-2c0
In base 14, what is -6 - 4?
-a
In base 3, what is 102 - -11122?
12001
In base 10, what is 4 - 102?
-98
In base 8, what is -12 - -4063?
4051
In base 3, what is 0 + -2021?
-2021
In base 14, what is -21b2 - -4?
-21ac
In base 11, what is -4 - 647?
-650
In base 3, what is -2 + -11221122?
-11221201
In base 5, what is 1 - 2322?
-2321
In base 2, what is -1110 + 111011?
101101
In base 4, what is 201111 - -3?
201120
In base 2, what is -100101 + 10?
-100011
In base 14, what is 1a6 - -2?
1a8
In base 11, what is -16 + 28?
12
In base 11, what is -5 - 178?
-182
In base 12, what is -3 - -a?
7
In base 13, what is 8 + c7?
102
In base 9, what is 8 - -3?
12
In base 5, what is -4 + 344?
340
In base 15, what is -c - 134?
-141
In base 12, what is -5 + -1?
-6
In base 4, what is 2 - -2130?
2132
In base 11, what is -25 + 410?
396
In base 10, what is -1 + -28?
-29
In base 6, what is 43 - 5?
34
In base 5, what is -1221 - 2?
-1223
In base 10, what is -14 + 8?
-6
In base 3, what is 0 + 12010?
12010
In base 3, what is -11112 - 0?
-11112
In base 4, what is -3310 - 12?
-3322
In base 16, what is 14 + 36?
4a
In base 9, what is 13 - 77?
-64
In base 9, what is -50 + -111?
-161
In base 12, what is -3 - 10?
-13
In base 7, what is 2 + 22?
24
In base 11, what is -2521 + -4?
-2525
In base 3, what is -1210 - -12?
-1121
In base 4, what is 110202 + 2?
110210
In base 7, what is 10 + -5?
2
In base 9, what is -11 + 14?
3
In base 5, what is -3 - -140301?
140243
In base 14, what is d - 36?
-27
In base 2, what is 10 + -11100?
-11010
In base 3, what is -1002 + 1012?
10
In base 5, what is 404342 - 4?
404333
In base 10, what is 1 - 152?
-151
In base 7, what is 5325 - -2?
5330
In base 14, what is -6 + b9?
b3
In base 7, what is 5 + 1050?
1055
In base 2, what is -100101100001 + -101?
-100101100110
In base 13, what is 42 + -ca?
-88
In base 5, what is 1034 - -10?
1044
In base 5, what is -320 + 421?
101
In base 13, what is -79 + 8?
-71
In base 7, what is -11 + -151?
-162
In base 13, what is -b - 106?
-114
In base 6, what is -154201 + 3?
-154154
In base 16, what is -e - -7?
-7
In base 11, what is -5 + -231?
-236
In base 4, what is 2200 - -120?
2320
In base 10, what is -42 - -67?
25
In base 2, what is -110011011 + -101?
-110100000
In base 2, what is -1000101001101000 - -1?
-1000101001100111
In base 14, what is 49 - -3?
4c
In base 2, what is -111 - 1001001?
-1010000
In base 5, what is -1024 + -1?
-1030
In base 14, what is 7b - 1?
7a
In base 3, what is 20100020 - 0?
20100020
In base 3, what is -12 + -10022?
-10111
In base 8, what is -2 + -1163?
-1165
In base 3, what is 20 - -102?
122
In base 16, what is 2 + 228?
22a
In base 5, what is 0 + 23?
23
In base 8, what is -1323 + 4?
-1317
In base 12, what is 1 - -138?
139
In base 14, what is 18d - -3?
192
In base 16, what is 2 + -8e?
-8c
In base 9, what is -4402 - 3?
-4405
In base 5, what is 4 + 432?
441
In base 8, what is 0 + 7?
7
In base 15, what is -11 + -1b?
-2c
In base 14, what is 2a7 - -3?
2aa
In base 16, what is 75 + -2?
73
In base 3, what is 1021 + 12?
1110
In base 2, what is 11011 - 1010100?
-111001
In base 5, what is 1 - 24010?
-24004
In base 7, what is 3602 - 1?
3601
In base 5, what is 23040 - -4?
23044
In base 10, what is -209 + -14?
-223
In base 3, what is -20010121 + 11?
-20010110
In base 4, what is -3 - 223023?
-223032
In base 12, what is 25 - 0?
25
In base 10, what is 29 - 548?
-519
In base 2, what is -10010 - 1000?
-11010
In base 13, what is -5 - 1c?
-24
In base 16, what is -5d - -23?
-3a
In base 14, what is -1 - 17?
-18
In base 5, what is -1 + -3211?
-3212
In base 8, what is 1 + 0?
1
In base 14, what is 5 - -244?
249
In base 11, what is -415a + 3?
-4157
In base 16, what is -6 + f?
9
In base 11, what is -5 - -52?
48
In base 11, what is -231 - -15?
-217
In base 15, what is -12 + -1d?
-30
In base 7, what is 4032 + -3?
4026
In base 10, what is 250 + 7?
257
In base 14, what is -17 + 11?
-6
In base 9, what is -667 - 4?
-672
In base 6, what is 503 + 2?
505
In base 2, what is -101 - 1011100?
-1100001
In base 8, what is 351 - -34?
405
In base 11, what is -17 - -6?
-11
In base 16, what is -69 - 1a?
-83
In base 10, what is -90 + -107?
-197
In base 5, what is -14 - -402?
333
In base 11, what is 4 + -6?
-2
In base 6, what is -1103 + -2?
-1105
In base 9, what is 7 + 187?
205
In base 5, what is 100410 + 4?
100414
In base 6, what is 23 - 135?
-112
In base 9, what is -5 + -63?
-68
In base 11, what is -99a + 3?
-997
In base 12, what is -5 - 373?
-378
In base 12, what is -1 + 342?
341
In base 3, what is -21 + 10111100?
10111002
In base 6, what is -35415 + 4?
-35411
In base 7, what is -42 + 1?
-41
In base 5, what is 10 - 4230?
-4220
In base 13, what is -a - 1?
-b
In base 16, what is f - 1?
e
In base 13, what is -c4 - 0?
-c4
In base 2, what is -101 + -101011101000?
-101011101101
In base 5, what is 20 + 10?
30
In base 7, what is -2 - -14464